4?
64
In base 3, what is 10 + 1220?
2000
In base 5, what is 34 + -11423?
-11334
In base 16, what is -108 + 5?
-103
In base 3, what is -11 + 10021?
10010
In base 3, what is -2120 + -100?
-2220
In base 12, what is -194 + -4?
-198
In base 5, what is -21 - -40?
14
In base 14, what is -2 + 3a5?
3a3
In base 9, what is 3 + -2727?
-2724
In base 15, what is 2ea + -7?
2e3
In base 2, what is 1001111 - -11?
1010010
In base 5, what is 1442 + -2?
1440
In base 3, what is 11 + 1101?
1112
In base 14, what is -1d9 + 2?
-1d7
In base 13, what is 3 - 560?
-55a
In base 12, what is 13 - -8?
1b
In base 9, what is 12 - 5?
6
In base 3, what is -121 - 212?
-1110
In base 5, what is 1240 + -2?
1233
In base 16, what is 1b3 - d?
1a6
In base 4, what is 101233 - 2?
101231
In base 15, what is -10 - -1?
-e
In base 9, what is -180 + 0?
-180
In base 9, what is 473 - -52?
535
In base 11, what is 0 - -83?
83
In base 10, what is -5 + -148?
-153
In base 6, what is -12 - -1541?
1525
In base 7, what is -1323 - 2?
-1325
In base 15, what is 13c2 + -5?
13bc
In base 12, what is 116b + -3?
1168
In base 5, what is 212032 + -1?
212031
In base 15, what is -7 + dd?
d6
In base 16, what is -17a + 3?
-177
In base 15, what is 2 - -ea0?
ea2
In base 14, what is -25d - 7?
-266
In base 10, what is -24 - -66?
42
In base 4, what is 1113 - -12?
1131
In base 16, what is -2 + -69?
-6b
In base 6, what is 2551 - -5?
3000
In base 9, what is 11 - 207?
-186
In base 14, what is 10 - -1c?
2c
In base 14, what is -2 - 38?
-3a
In base 16, what is 5 + 4?
9
In base 11, what is -7 + 9?
2
In base 9, what is -3 + 115?
112
In base 13, what is -3a - 1c?
-59
In base 3, what is 11112 - -1?
11120
In base 10, what is 1 + -2?
-1
In base 11, what is -11 - -377?
366
In base 3, what is -11 - -21?
10
In base 2, what is 100100100100 - 100?
100100100000
In base 11, what is -13 - a8?
-110
In base 12, what is 86 - 5?
81
In base 13, what is 0 + 13b?
13b
In base 6, what is 11 - -1012?
1023
In base 16, what is 9a8 + -3?
9a5
In base 9, what is 7 + -5?
2
In base 11, what is -413 + 1?
-412
In base 15, what is 1 + 571?
572
In base 2, what is 1110000011110 + -1?
1110000011101
In base 14, what is 197c - 4?
1978
In base 16, what is 16 + 4?
1a
In base 10, what is -427 + 5?
-422
In base 2, what is 1111001 + 100?
1111101
In base 9, what is 2 + 401?
403
In base 4, what is 2 - 302303?
-302301
In base 14, what is -18c2 + -1?
-18c3
In base 9, what is 13 - -16?
30
In base 2, what is -101 - 10110001000?
-10110001101
In base 7, what is -36 - 206?
-245
In base 16, what is 906 - -4?
90a
In base 9, what is 4767 + 5?
4773
In base 10, what is -4 + -5240?
-5244
In base 12, what is -4a3 + -2?
-4a5
In base 15, what is -e + -d?
-1c
In base 10, what is -37 - 349?
-386
In base 14, what is -1 - -2b?
2a
In base 2, what is -10000101101100 + 10?
-10000101101010
In base 2, what is 1101 - 10010111?
-10001010
In base 16, what is 7be - 3?
7bb
In base 4, what is 11 - -1322212?
1322223
In base 7, what is 5 - -6?
14
In base 14, what is 1 + 220?
221
In base 5, what is -10 + 10?
0
In base 4, what is 2202 - 21?
2121
In base 10, what is -3 + -326?
-329
In base 8, what is -33 + -6?
-41
In base 11, what is 0 - 501?
-501
In base 8, what is -23 + 12?
-11
In base 9, what is 8 + 142?
151
In base 8, what is -4 + -316?
-322
In base 8, what is 2 - -35?
37
In base 3, what is 20 - -1210?
2000
In base 3, what is 1 - -2101?
2102
In base 10, what is 6307 - -5?
6312
In base 12, what is 4 + 80?
84
In base 4, what is 210 - 123?
21
In base 6, what is 300 + 4?
304
In base 12, what is 39b + -8?
393
In base 7, what is 5 + -11055?
-11050
In base 4, what is 102030 - -1?
102031
In base 10, what is -16 + -8?
-24
In base 16, what is 5a04 + -2?
5a02
In base 16, what is 3 + -f30?
-f2d
In base 4, what is -10 + 10300?
10230
In base 16, what is bc + 8?
c4
In base 2, what is 1 - 11001?
-11000
In base 12, what is 4 - 3a5?
-3a1
In base 8, what is 0 - 22?
-22
In base 15, what is -20 - -c3?
a3
In base 7, what is 1 - 33?
-32
In base 16, what is -73 + -19?
-8c
In base 7, what is 5 + 2552?
2560
In base 7, what is -1612 - 2?
-1614
In base 16, what is -5f - -3?
-5c
In base 9, what is -2 + -85?
-87
In base 13, what is 4 - -3b?
42
In base 16, what is 2 - -5c?
5e
In base 2, what is -1 - -10010?
10001
In base 4, what is 3203 + 132?
10001
In base 11, what is 165a - -2?
1661
In base 14, what is -10 - 12?
-22
In base 9, what is 203 - 3?
200
In base 3, what is 202 - -10?
212
In base 11, what is -2 - 8?
-a
In base 10, what is -86 + 6?
-80
In base 8, what is -43 + 14?
-27
In base 4, what is 201 - -31?
232
In base 11, what is -3 - 4a7?
-4aa
In base 5, what is 1414 + -1?
1413
In base 13, what is -2 - 360?
-362
In base 10, what is -737 - 0?
-737
In base 14, what is -1080 + 3?
-107b
In base 16, what is 3445 - 1?
3444
In base 10, what is -44 - -5?
-39
In base 11, what is 27a - -a?
289
In base 12, what is 4b9 - 3?
4b6
In base 6, what is -1103 + -5?
-1112
In base 8, what is -445 + -3?
-450
In base 12, what is -16 + -16?
-30
In base 10, what is -3 - 413?
-416
In base 4, what is -2033 - 323?
-3022
In base 12, what is -64b + 2?
-649
In base 16, what is 37 - -18?
4f
In base 6, what is -2 - -11?
5
In base 10, what is 74 - -7?
81
In base 15, what is -47d - -4?
-479
In base 15, what is 158 - -b?
164
In base 11, what is -16a - 7?
-176
In base 15, what is 13b + 0?
13b
In base 12, what is -a - 30?
-3a
In base 14, what is 25 - -5?
2a
In base 16, what is d - -a?
17
In base 9, what is 77 - -432?
520
In base 11, what is 3 - 2704?
-2701
In base 4, what is 211313 + -1?
211312
In base 9, what is -2 + -1508?
-1511
In base 9, what is 3 - 82?
-78
In base 2, what is 10 - -100111111?
101000001
In base 11, what is 14a + -32?
118
In base 4, what is 1003132 - 0?
1003132
In base 5, what is 0 + -1403?
-1403
In base 11, what is 16 - 19?
-3
In base 5, what is 10 + 1232?
1242
In base 8, what is 3 + -126?
-123
In base 14, what is -17 - 138?
-151
In base 15, what is -452 + -1?
-453
In base 15, what is -52dc - -5?
-52d7
In base 5, what is -40 + -4023?
-4113
In base 12, what is 2 + 139?
13b
In base 8, what is 16 - 17?
-1
In base 6, what is -21 + -513?
-534
In base 5, what is 4 - -12243?
12302
In base 6, what is 5 - -13450?
13455
In base 9, what is 2 - 655?
-653
In base 11, what is 210 - -16?
226
In base 4, what is 100 - 210?
-110
In base 6, what is 1345 - 32?
1313
In base 3, what is -12021000 - 11?
-12021011
In base 3, what is -120 - 120?
-1010
In base 4, what is 12 + 102?
120
In base 16, what is 8 + e?
16
In base 14, what is 3c + -7?
35
In base 8, what is -5 + -151?
-156
In base 14, what is d5d + -4?
d59
In base 9, what is -1 + 5?
4
In base 15, what is -2 - d9?
-db
In base 12, what is 3 + 8?
b
In base 9, what is -62 + -8?
-71
In base 6, what is -200 - 1?
-201
In base 12, what is -32 - 8?
-3a
In base 16, what is -1 - 38?
-39
In base 8, what is 4 - -16757?
16763
In base 9, what is -52 - -1?
-51
In base 8, what is 43 + 75?
140
In base 3, what is -12022 - 12?
-12111
In base 7, what is 4 + 430?
434
In base 6, what is 3 + -513?
-510
In base 16, what is -522 - -4?
-51e
In base 9, what is -10 - 55?
-65
In base 12, what is 2b - -19?
48
In base 11, what is 94 + 1?
95
In base 3, what is -212 - -12?
-200
In base 9, what is 5 + 10?
15
In base 6, what is -1005 - -5?
-1000
In base 12, what is -4 + 288?
284
In base 7, what is -113 - 535?
-651
In base 13, what is 21 + -212?
-1c1
In base 12, what is -390 + 16?
-376
In base 10, what is 2 + -31?
-29
In base 15, what is 55ac + 1?
55ad
In base 10, what is 101 + -13?
88
In base 8, what is 515 + 55?
572
In base 11, what is -355 + 4?
-351
In base 6, what is -112 + -1?
-113
In base 7, what is -104 - -25?
-46
In base 9, what is 613 - 14?
588
In base 9, what is 116 - 152?
-35
In base 15, what is 0 + 641?
641
In base 2, what is 101 - -100111000?
100111101
In base 7, what is -21 + -2241?
-2262
In base 14, what is -5 - -5a?
55
In base 7, what is -10 - -553?
543
In base 2, what is -1001100 - -100010?
-101010
In base 4, what is -20 + -1303?
-1323
In base 8, what is -7 - -60?
51
In base 16, what is -5 - -8c9?
8c4
In base 4, what is -1333 - -1220?
-113
In base 15, what is -9 + -7?
-11
In base 11, what is -7 - -97?
90
In base 12, what is b + 15?
24
In base 11, what is -24 - 5?
-29
In base 14, what is 3 - -b?
10
In base 11, what is -13 - -6?
-8
In base